it of 625?
6
What is the tens digit of 29?
2
What is the units digit of 2577?
7
What is the units digit of 50532?
2
What is the thousands digit of 15155?
5
What is the hundreds digit of 400?
4
What is the units digit of 937?
7
What is the thousands digit of 3548?
3
What is the thousands digit of 1078?
1
What is the units digit of 2144?
4
What is the units digit of 62971?
1
What is the hundreds digit of 9332?
3
What is the ten thousands digit of 52120?
5
What is the units digit of 59553?
3
What is the thousands digit of 3061?
3
What is the thousands digit of 130009?
0
What is the tens digit of 639?
3
What is the hundreds digit of 1146?
1
What is the tens digit of 135204?
0
What is the tens digit of 28811?
1
What is the units digit of 19780?
0
What is the tens digit of 41333?
3
What is the thousands digit of 105177?
5
What is the tens digit of 2038?
3
What is the units digit of 93183?
3
What is the hundreds digit of 100?
1
What is the hundreds digit of 965?
9
What is the tens digit of 2663?
6
What is the units digit of 2005?
5
What is the hundreds digit of 2422?
4
What is the thousands digit of 3257?
3
What is the units digit of 6474?
4
What is the hundreds digit of 1284?
2
What is the ten thousands digit of 33072?
3
What is the thousands digit of 2521?
2
What is the hundreds digit of 234?
2
What is the tens digit of 258?
5
What is the units digit of 2073?
3
What is the thousands digit of 13305?
3
What is the thousands digit of 2611?
2
What is the tens digit of 8945?
4
What is the tens digit of 551?
5
What is the hundreds digit of 23598?
5
What is the tens digit of 2895?
9
What is the hundreds digit of 8444?
4
What is the units digit of 1522?
2
What is the hundred thousands digit of 119279?
1
What is the units digit of 59128?
8
What is the units digit of 5429?
9
What is the units digit of 14524?
4
What is the tens digit of 75068?
6
What is the hundreds digit of 212?
2
What is the tens digit of 551?
5
What is the tens digit of 9237?
3
What is the tens digit of 274?
7
What is the tens digit of 9618?
1
What is the tens digit of 9950?
5
What is the hundreds digit of 639?
6
What is the tens digit of 432?
3
What is the tens digit of 11935?
3
What is the units digit of 2516?
6
What is the thousands digit of 3178?
3
What is the hundreds digit of 1744?
7
What is the hundreds digit of 2887?
8
What is the tens digit of 4065?
6
What is the hundreds digit of 25185?
1
What is the tens digit of 2296?
9
What is the hundreds digit of 1853?
8
What is the hundreds digit of 2959?
9
What is the hundreds digit of 47085?
0
What is the ten thousands digit of 10194?
1
What is the units digit of 4318?
8
What is the ten thousands digit of 17569?
1
What is the hundreds digit of 1813?
8
What is the hundreds digit of 101466?
4
What is the hundreds digit of 8809?
8
What is the units digit of 2170?
0
What is the tens digit of 9229?
2
What is the units digit of 6365?
5
What is the units digit of 287?
7
What is the hundreds digit of 186?
1
What is the units digit of 3008?
8
What is the hundreds digit of 7592?
5
What is the tens digit of 8806?
0
What is the hundreds digit of 4265?
2
What is the tens digit of 11973?
7
What is the units digit of 333?
3
What is the ten thousands digit of 88704?
8
What is the units digit of 584?
4
What is the tens digit of 1810?
1
What is the tens digit of 508?
0
What is the tens digit of 2412?
1
What is the tens digit of 21650?
5
What is the thousands digit of 163813?
3
What is the units digit of 2652?
2
What is the ten thousands digit of 20431?
2
What is the hundreds digit of 97927?
9
What is the hundreds digit of 1214?
2
What is the tens digit of 14392?
9
What is the thousands digit of 17194?
7
What is the thousands digit of 4507?
4
What is the tens digit of 7618?
1
What is the units digit of 3124?
4
What is the tens digit of 3695?
9
What is the tens digit of 1220?
2
What is the tens digit of 38175?
7
What is the thousands digit of 1731?
1
What is the tens digit of 7285?
8
What is the thousands digit of 3831?
3
What is the tens digit of 75?
7
What is the units digit of 1890?
0
What is the ten thousands digit of 16912?
1
What is the hundreds digit of 1522?
5
What is the tens digit of 21140?
4
What is the tens digit of 5556?
5
What is the units digit of 99535?
5
What is the units digit of 22927?
7
What is the units digit of 9842?
2
What is the thousands digit of 99467?
9
What is the thousands digit of 25408?
5
What is the units digit of 83939?
9
What is the thousands digit of 46601?
6
What is the tens digit of 3322?
2
What is the hundred thousands digit of 140941?
1
What is the units digit of 4219?
9
What is the tens digit of 1925?
2
What is the thousands digit of 3041?
3
What is the thousands digit of 1080?
1
What is the thousands digit of 12064?
2
What is the units digit of 4011?
1
What is the tens digit of 3699?
9
What is the thousands digit of 2327?
2
What is the hundreds digit of 11471?
4
What is the tens digit of 10038?
3
What is the units digit of 24724?
4
What is the units digit of 126?
6
What is the thousands digit of 7349?
7
What is the units digit of 1853?
3
What is the hundreds digit of 17045?
0
What is the units digit of 7691?
1
What is the hundreds digit of 2257?
2
What is the thousands digit of 13771?
3
What is the ten thousands digit of 17810?
1
What is the thousands digit of 5737?
5
What is the hundreds digit of 11397?
3
What is the tens digit of 16150?
5
What is the units digit of 662?
2
What is the hundreds digit of 912?
9
What is the tens digit of 1774?
7
What is the units digit of 62091?
1
What is the thousands digit of 2580?
2
What is the tens digit of 99?
9
What is the hundreds digit of 623?
6
What is the thousands digit of 5032?
5
What is the units digit of 40?
0
What is the tens digit of 4139?
3
What is the thousands digit of 27760?
7
What is the units digit of 846?
6
What is the tens digit of 21455?
5
What is the hundreds digit of 358?
3
What is the units digit of 52912?
2
What is the tens digit of 5638?
3
What is the ten thousands digit of 23419?
2
What is the tens digit of 95910?
1
What is the thousands digit of 25344?
5
What is the units digit of 4451?
1
What is the units digit of 207?
7
What is the tens digit of 466?
6
What is the thousands digit of 2127?
2
What is the thousands digit of 33416?
3
What is the units digit of 2074?
4
What is the units digit of 26824?
4
What is the hundreds digit of 23856?
8
What is the tens digit of 3779?
7
What is the hundreds digit of 1935?
9
What is the hundred thousands digit of 139285?
1
What is the thousands digit of 48842?
8
What is the thousands digit of 1326?
1
What is the tens digit of 118763?
6
What is the hundreds digit of 1375?
3
What is the units digit of 507?
7
What is the thousands digit of 2444?
2
What is the units digit of 47758?
8
What is the units digit of 669?
9
What is the thousands digit of 11814?
1
What is the units digit of 713?
3
What is the thousands digit of 24849?
4
What is the hundreds digit of 9840?
8
What is the units digit of 168869?
9
What is the units digit of 46501?
1
What is the thousands digit of 13379?
3
What is the thousands digit of 1934?
1
What is the units digit of 5512?
2
What is the units digit of 925?
5
What is the tens digit of 453?
5
What is the hundreds digit of 1572?
5
What is the thousands digit of 6844?
6
What is the thousands digit of 5085?
5
What is the tens digit of 41840?
4
What is the units digit of 30?
0
What is the tens digit of 60312?
1
What is the hundreds digit of 36151?
1
What is the hundreds digit of 1534?
5
What is the hundreds digit of 18697?
6
What is the units digit of 60?
0
What is the units digit of 3829?
9
What is the units digit of 771?
1
What is the hundreds digit of 73655?
6
What is the units digit of 2042?
2
What is the hundreds digit of 1390?
3
What is the units digit of 10040?
0
What is the tens digit of 26325?
2
What is the thousands digit of 1026?
1
What is the tens digit of 70?
7
What is the hundreds digit of 13772?
7
What is the tens digit of 3217?
1
What is the thousands digit of 105671?
5
What is the units digit of 178?
8
What is the thousands digit of 5033?
5
What is the thousands digit of 1354?
1
What is the units digit of 347?
7
What is the thousands digit of 1905?
1
What is the units digit of 2060?
